 1. Suppose -12*t - 5776 = -28*t. Suppose t = -6*d + 355. Calculate z(d).
-20
Suppose 2*c + 3*t = 0, 2*c + 76 = 3*t + 52. Let b(y) = y**2 + 8*y - 9. Calculate b(c).
-21
Let c(m) = -2*m + 6 - 2*m + 5*m. Let s be c(-8). Let y(x) = -10*x**2 - 7*x + 41. Let u(b) = -2*b**2 - b + 7. Let n(f) = -6*u(f) + y(f). Give n(s).
9
Let c = -224 - -452. Let h be (-432)/c - 6/57. Let g(v) = v**2 + v - 3. Determine g(h).
-1
Suppose 0 = 4*a - 47 - 13. Let x(o) = 3*o + 27. Let b(q) = -4*q - 41. Let z(t) = 5*b(t) + 7*x(t). Let n be z(a). Let w(d) = -10*d**3 - d**2 - d - 1. Give w(n).
9
Let r be (-875)/50*8/14. Let j(h) = -7*h + 3. Let f(q) be the second derivative of -11*q**3/6 + 5*q**2/2 - 7*q. Let s(m) = -5*f(m) + 8*j(m). What is s(r)?
9
Let k(s) = -s**3 - 8*s**2 - 2*s + 9. Suppose -4*u = -3*b - 15, 89*u = 85*u. Give k(b).
-56
Let g(x) = -x**2 + 24*x - 76. Let c(b) = -2085*b + 6275. Let w be c(3). Calculate g(w).
4
Let p(o) = o**2 - 4*o - 7. Suppose 0 = -x - 3*g + 9, -4*x = -13*g + 10*g + 24. Suppose m + 8 = 2*m. Let v = x + m. Give p(v).
-2
Suppose -181*f + 188*f + 518 = 0. Let m = f - -64. Let v(r) = -r**2 - 11*r - 12. Give v(m).
-2
Suppose a - 3*r - 6 = -9, -a - 5 = -4*r. Let i(f) = -6 + 6 + a*f - 1 + 0. Calculate i(-3).
-10
Let t(w) = w**2 - 39*w - 35*w + 7 + 116*w - 40*w - 3. Suppose 3*f = -v - 10, -2*f = f + 2*v + 11. Calculate t(f).
7
Let m(d) = -2*d**3 + 4*d**2 - 4*d + 2. Let g(h) = -h - 1. Let r(b) = -b**3 - 14*b**2 - 11*b - 8. Let x(p) = 3*g(p) + r(p). Let q be x(-13). What is m(q)?
-6
Let i = 127 + -39. Suppose 3*d - 2*u + i = 0, -d = 7*u - 2*u + 52. Let s = d + 34. Let m(c) = -c**3 - 2*c**2 + 2. What is m(s)?
-14
Let c(f) = 29 - 24*f + 13*f**2 - 84*f**2 + 54*f**2 - f**3 + 0*f**3. Determine c(-15).
-61
Let x(c) = -c**2 - 7*c + 18. Let s be x(-9). Suppose 2*i + s - 4 = 4*q, 0 = -i - 3*q + 7. Let b(u) = -u**3 + 6*u**2 - 5*u - 1. Give b(i).
11
Let t(w) be the second derivative of w**5/20 - 2*w**4/3 - 13*w**3/6 - 360*w + 4. Determine t(9).
-36
Let x be 33/21 - 1 - (-448)/(-98). Let r(o) = 13*o**3 + 17*o**2 - 33*o - 38. Let m(p) = -3*p**3 - 4*p**2 + 8*p + 9. Let s(u) = 9*m(u) + 2*r(u). Determine s(x).
13
Suppose 20*g = 24*g - 8. Suppose -4*b = 4*c - 112, -g*c + 46 = -5*b + 2*b. Let z(w) = -49*w**3 + 3*w**2 + 3 + 21*w**3 + c*w**3 - 4*w. Give z(2).
-9
Let u(c) = -c**3 + 38*c**2 + 268*c - 182. Let y be u(44). Let b(q) = -5*q**2 - 14*q - 5. Determine b(y).
-101
Let m(u) = -u**3 + 5*u**2 + 90*u - 130*u + 43*u - 3. Suppose 5*g - 73 = 27. Suppose 2*k - 3*f = 2*f + g, -f = -4*k + 22. Calculate m(k).
12
Let s(b) = -2*b**2 - 13*b - 11. Let w be (15 + -13)/(((-10)/8)/5). Determine s(w).
-35
Let t be (-780)/(-182)*(-7)/(-2). Let y be 0 + -1 - (t - (-2 + 12)). Let x(b) = -2*b**2 - 11*b - 3. Determine x(y).
-9
Suppose -186*j + 174*j = -2316. Let k(f) = 3*f - 103 + 0*f - 97 + j. What is k(9)?
20
Let x(z) = -15*z + 5. Suppose 0 = 5*y - 3*y - 10. Let h(r) be the first derivative of 7*r**2 - 4*r + 724. Let q(v) = y*x(v) + 6*h(v). Calculate q(-1).
-8
Let u(r) = -r**3 + 552*r + 554*r + 15 - 1648*r + 546*r + 8*r**2. Give u(7).
92
Let i(g) = -3*g**2 - 526*g - 15 - 571*g - g**3 + 1188*g. Let p be i(8). Let s(h) = h**2 - 8*h - 11. What is s(p)?
-2
Let a(j) be the second derivative of -j**7/840 + j**6/180 - j**5/60 - j**4/24 + 17*j**3 + 3*j + 13. Let x(z) be the second derivative of a(z). Determine x(2).
-5
Let b(r) be the second derivative of 0 - 2/3*r**3 + 1/12*r**4 - 5/2*r**2 + 48*r. What is b(4)?
-5
Let r(v) = 11*v**2 - 67*v + 878. Let a(k) = 24*k**2 - 134*k + 1803. Let t(x) = -6*a(x) + 13*r(x). Determine t(8).
-4
Let i(z) be the second derivative of 9*z**5/20 - z**4/12 + z**3/2 - z**2 + 36*z + 10. Determine i(1).
9
Let y(g) = 2*g**3 + 2*g**3 + 2*g**3 - 4*g + 1361 - 5*g**2 - 1362 - 5*g**3. Suppose 3*x + 22 = 7*x - z, -5*x - z = -32. Give y(x).
11
Let x(w) = 4*w**2 - 4*w + 4. Let i(p) = -13*p**2 - 4*p - 13*p**2 - p + 25*p**2 + 3*p. Let y(c) = 3*i(c) + x(c). Calculate y(7).
-17
Let h(w) = 2*w + 2. Let g be h(3). Let n(s) be the second derivative of s**4/12 - 3*s**3/2 + 2*s**2 - 6329*s. What is n(g)?
-4
Let j(d) = -30*d**3 - 82*d**2 + 136*d + 254. Let t(q) = -17*q**3 - 47*q**2 + 77*q + 145. Let y(h) = -9*j(h) + 16*t(h). Calculate y(-7).
-22
Let q = 498 + -344. Let k = q - 42. Let c(o) = 0*o**3 + o**3 - k - 5*o - 4*o**2 + 105. What is c(5)?
-7
Let i(u) = -u**2 + u. Let f(r) = 11*r**2 - 3*r + 1. Let d(c) = -f(c) - 4*i(c). Let n = -39 + 40. Calculate d(n).
-9
Let y(i) = -4187*i + 19. Let n(g) = -5235*g + 21. Let k(o) = -4*n(o) + 5*y(o). Let p be ((-3)/(-2))/((-12)/32). Calculate k(p).
-9
Let h(y) be the third derivative of -5*y**4/24 + 16*y**3/3 + 3*y**2 + 292*y + 1. Give h(6).
2
Let s(b) = -b**3 - 4*b**2 - 4*b + 2. Let a(w) = -w**2 - 38*w + 19. Let k be a(-17). Let z = -379 + k. What is s(z)?
5
Let l(t) be the third derivative of t**5/20 + t**4 - 23*t**3/6 + 363*t**2 - 2*t. Determine l(-9).
4
Let a(x) be the second derivative of -x**4/12 + x**3 - 5*x**2/2 - 134*x - 7. What is a(6)?
-5
Let j(y) = -3*y**3 - y**2 - 18*y - 11. Let u be j(-13). Let c(p) = -3*p + 6636 + 2*p - u. What is c(-5)?
-4
Let l(u) = u**3 + 8*u**2 - 9*u - 2. Let a(z) = -z + 17. Let h be a(12). Suppose 5*v - 3*c = 35, -2*v - 2*c + 3 - h = 0. Suppose -18 = v*g - 2*g. Calculate l(g).
-2
Let r(i) = -i**2 + 2*i + 4. Let d be (60/(-21))/(66/(-21) + 3). Let p be (0 + -2)/(d/(-40)). Determine r(p).
-4
Let x(b) = -14*b**3 - 2*b**2 - 2*b - 1. Let m = -55 + 103. Let s be ((-10)/(-15))/((-32)/m). Determine x(s).
13
Let w(k) be the first derivative of -5/2*k**2 + 1/4*k**4 + 23 + 2*k + 5/3*k**3. Give w(-6).
-4
Let f(a) = a**3 - 4*a**2 - 12*a + 7. Let g be f(6). Let n(l) = g + 2*l + 19 + 6 - 32. Give n(5).
10
Suppose -295 = -49*b + 108*b. Let o(c) = -3*c**2 - 10*c + 10. Calculate o(b).
-15
Let w(p) = p**2 - 5*p - 16. Suppose -10 = -2*j, -6*z + 5*j = 7*j - 58. Determine w(z).
8
Suppose 5*l - 35 = 5*f - 10, -17 = -3*f - 5*l. Let a(v) = 6*v. Let g(z) be the third derivative of z**4/8 - 85*z**2. Let b(m) = a(m) - 3*g(m). Give b(f).
3
Let o(b) = -b**3 - 14*b**2 - 6*b - 32. Let k be o(-14). Let j(p) = -3*p - 52 + k + 4*p. Determine j(-2).
-2
Let y(u) = -u + 42. Let n be y(36). Let o(d) = -d**3 - 8 - 10*d + n*d - 9*d**2 + d + 14 - 6*d. Determine o(-8).
14
Let a(z) = 2*z + 3. Let n = -14 + -1. Let g be (9/6)/(n/(-30)). Give a(g).
9
Let s be (-4 - -3) + (3/(-3) - -4). Suppose 0 = 6*o - o - 20. Let c(h) = -h + h + h - o*h. Determine c(s).
-6
Let p(h) = h - 1. Let i be p(5). Let r(k) = 3 - k**2 - 4*k**2 + 1 + i*k**2. Let b(d) = 4*d - 29. Let g be b(6). What is r(g)?
-21
Let d be (-14)/21*-2*18/24. Suppose -d = 2*w + 3*f + 28, 4*w + f = -43. Let o(y) = y + 10. What is o(w)?
0
Let d(v) be the first derivative of -2*v**3/3 + v**2 + 2*v - 2. Suppose -4*i + 2*g = -i + 23, 5*i + 38 = 3*g. Let w be (6/(-4))/((-5)/((-70)/i)). Give d(w).
-10
Let v(h) = 8*h**3 + 23*h**2 + 58*h - 10. Let s(c) = -7*c**3 - 22*c**2 - 54*c + 11. Let g(m) = -9*s(m) - 8*v(m). Give g(15).
86
Suppose 0 = 4*y - 4*q - 52, -5*y = -9*q + 8*q - 85. Let l be (-824)/(-52) + y/117. Let w(c) = c**2 - 14*c - 28. Give w(l).
4
Let f(w) = w**3 + 3*w**2 - 21*w - 32. Let j(s) = -s**3 - 3*s**2 + 17*s + 30. Let m(a) = 2*f(a) + 3*j(a). What is m(-4)?
6
Let r be 1/((-6)/(-16)) + 380/114. Let k(n) = n**2 + 7*n + 8. Let l be k(-6). Let d(j) = 2 + 3 + 7*j - j**2 - l. Give d(r).
9
Let q be (2 + -2)*(-4)/((-12)/3). Suppose 5*k - 124 = 4*i, 3*i - 96 = -4*k + k. Let x(f) = -15*f + k*f - 12*f - 10. What is x(q)?
-10
Let k(l) = -65*l**2 - 48*l + 19. Let x(s) = -33*s**2 - 25*s + 8. Let z(d) = 3*k(d) - 7*x(d). Determine z(-1).
6
Let r = 150 - 143. Suppose -3*j + 5*g = 19, -4*g + 13 + r = 0. Let t(i) = -i**j + 0*i**2 - 329 + 11*i - i + 320. What is t(8)?
7
Let r(d) = -d**3 + 15*d**2 - 7*d - 236. Let t be r(13). Let c(p) = p**3 - 8*p**2 - 43*p + 108. Determine c(t).
-2
Suppose 44 = 5*b + 3*x, x + 12 = 5*x. Let a(s) = s**3 - 8*s**2 + 8*s + 2. Determine a(b).
9
Let k(a) be the second derivative of 5/2*a**2 + 0 - 1/24*a**4 - 16*a - 7/6*a**3. Let t(y) be the first derivative of k(y). Calculate t(5).
-12
Let a(c) = -c**3 - 7*c**2 - 3*c. Let z be (-68172)/(-195) - 6/10. Let o = -355 + z. Give a(o).
-18
Suppose 16 = 5*n - 2*a, -41 + 30 = -4*n + a. Let w(b) = -6 - n*b**3 + b - b**3 + 27 + 17*b**2 - 1 + 4*b**3.